(7). Let g = y - 10. What is the remainder when 75 is divided by g?
15
Let b = 2574 + -2439. What is the remainder when 1887 is divided by b?
132
Let h be (-258)/20 - 8/80. Let f(q) = 3*q + 47. What is the remainder when ((-54)/(-2))/(6/8) is divided by f(h)?
4
Suppose 7*i - 1318 = 9*i + 5*o, -5*o + 2606 = -4*i. Let q = -576 - i. What is the remainder when q is divided by 46?
32
Suppose -50*r = -22*r - 420. What is the remainder when r - 17 - (-2 + -52) is divided by 18?
16
Let n be 0 - ((-13)/7 - (-10)/(-70)). Suppose -n*v + 50 = 2*j, 3*j + v = 5*v + 54. Let g(r) = -7*r + 111. Calculate the remainder when j is divided by g(14).
9
Let j = 7501 + -7412. Suppose 3*r = -0*a + a + 23, -2*r + 5*a - 2 = 0. What is the remainder when j is divided by r?
8
Let o(a) = 3*a**3 - 9*a**2 + 3*a + 3. Let j = 587 + -581. What is the remainder when o(j) is divided by 58?
55
Suppose 557*m - 137051 = 526*m. Calculate the remainder when m is divided by 79.
76
Let g(r) = -8*r**3 - 6*r**2 - 51*r - 246. What is the remainder when g(-5) is divided by 29?
18
Let y(l) = 2*l + 10. Calculate the remainder when y(8) is divided by ((-45)/10)/(1/((-98)/(-21) - 6)).
2
Let h = -3686 + 3700. Let u(i) = -5*i - 5. What is the remainder when u(-5) is divided by h?
6
Suppose -2*i = -a + 14 + 3, 4*i = a - 27. Let k(j) = 3*j**2 - 5 - 237187*j - 10 + 237192*j. Calculate the remainder when k(a) is divided by 56.
55
Let o(c) = 8*c**2 - 5*c - 3. Let r be o(5). Let w = r + -117. Let k = w - 37. What is the remainder when 71 is divided by k?
17
Let o = -7 - -17. Suppose 4*m - o*m + 30 = 0. Suppose 3*a - m*n - 112 = 0, 4*a - 72 = 2*a + 2*n. What is the remainder when 133 is divided by a?
31
What is the remainder when 439 is divided by 14/(-6) + (-8658)/(-54) + 1?
121
Let l be 5340/(-17) + 66/561. Let m = 471 + l. Suppose -i = -2*i + 32. Calculate the remainder when m is divided by i.
29
Let u = 645 - 642. Suppose 13*o - 46 = -7. Calculate the remainder when o is divided by u.
0
Let n be (-65)/(-39)*(-27)/(-15). Suppose 4*f - 5*o + 0*o = 21, 0 = n*f + 2*o - 10. What is the remainder when (-102)/(-4) - (-1)/(-2) is divided by f?
1
Suppose 4*m = t - 5*t + 456, -t - 2*m + 119 = 0. Let x = t - 69. Calculate the remainder when x is divided by 9.
4
Suppose -9*o - 14 - 40 = 0. What is the remainder when (o + (-135)/(-12))/((-6)/(-32)) is divided by 5?
3
Suppose 11*t - 6*t = -910. Let o = t + 215. What is the remainder when 162 is divided by o?
30
Suppose -44 = -2*s + 32. Let t = s - 11. What is the remainder when t is divided by 15?
12
Let f = -18190 + 18345. Calculate the remainder when f is divided by 38.
3
Let i = 183 - 104. Let m(u) = 2*u**3 - 3*u**2 - 13*u + 40. What is the remainder when i is divided by m(3)?
23
Calculate the remainder when 17490/9 + (35/(-15) - -2) is divided by 139.
136
Suppose 3*r - 57 = -4*t + 141, 132 = 2*r - 5*t. What is the remainder when 367 is divided by r?
37
Let n(h) be the second derivative of -5*h**3/3 - 46*h**2 + 102*h. Calculate the remainder when 1/((3/31)/3) is divided by n(-11).
13
Let f(k) = k + 72. Let o be f(2). Suppose r = 4*n + 24, 38 = -r - 2*n + o. Calculate the remainder when r is divided by 21.
11
Suppose -2*r + 30 = -7*r. Let o(u) = 3*u + 24. Let j be o(r). Suppose -4*v - 358 = -j*v. What is the remainder when v is divided by 30?
29
Let s be 18/24*-2 + 51/(-2). Let k be (8/4)/(6/s). Calculate the remainder when -2*2/12 - 660/k is divided by 19.
16
Let q(f) be the second derivative of 20*f**3/3 + 28*f**2 + f + 111. Calculate the remainder when q(4) is divided by 7.
6
Suppose -1618 - 1780 = -175*p - 423. What is the remainder when 154 is divided by p?
1
Let u = 111 - 74. Suppose 5*d = -2*a + u, 4*d + 4 - 27 = 5*a. Suppose 0 = 4*g + g - 30. What is the remainder when d is divided by g?
1
Suppose 3074*z = 3059*z + 210. Suppose -72 = -3*r + 4*y + 75, 4*r - 196 = -5*y. What is the remainder when r is divided by z?
7
Suppose 3*c + 19 = -23. Calculate the remainder when 112 is divided by 96/c*(-21)/6.
16
Let a(r) = r**3 + 18*r**2 + 10*r + 14. Let d be a(-17). Suppose -132*p + d*p = 44. Let g = -115 - -244. What is the remainder when g is divided by p?
41
Suppose 0 = 20*o - 2610 - 2150. What is the remainder when o is divided by 56?
14
What is the remainder when 686 is divided by 9/((-18)/(-15)*100/1520)?
2
Let y be -3 + 5 - 394*7/(-14). Let f = -187 + y. What is the remainder when 38 is divided by f?
2
Let f be 2*104 - (3 + -8 + 3). Suppose 7*k - f + 56 = 0. What is the remainder when 26 is divided by k?
4
Let j = 49 - 114. Let u = j - -78. Calculate the remainder when 259 is divided by u.
12
Let q = -2581 + 2640. What is the remainder when 983 is divided by q?
39
Let m(f) = f**3 + 5*f**2 + f - 3. Let r be m(-3). Calculate the remainder when ((-1832)/r)/((-10)/15) is divided by 77.
75
Suppose -32*f + 34*f - 52 = 0. Suppose 3*t + f = 2*n, -5*n - 2*t + 107 = t. What is the remainder when 146 is divided by n?
13
Let y = -1 - -5. Let a = -28087 + 28545. Calculate the remainder when a is divided by y.
2
Suppose 11*f - 1380 = 644. Let v = 239 - f. What is the remainder when 91 is divided by v?
36
Suppose 17*a - 14*a - 6 = 0. Let m(l) = 11*l - 2. Let z be m(-3). Let h = z + 50. Calculate the remainder when h is divided by a.
1
Let w(f) = -182*f + 52. Let r be w(-3). Suppose -n + 0*g - 3*g + 152 = 0, -4*n - 2*g = -r. What is the remainder when n is divided by 38?
35
Suppose -12*g = -16*g - 2*a + 360, -444 = -5*g - a. Calculate the remainder when g is divided by 70.
18
Let f(w) = w**2 - 64*w + 85*w + 69 + 66. What is the remainder when f(-12) is divided by 16?
11
Suppose -4*g - 60 = -500. Suppose -4*o = 2*d - g, o = 4*d - 8*d + 213. Calculate the remainder when d is divided by 9.
8
Suppose v + 3*m - 53 = 0, -8 = -28*m + 30*m. What is the remainder when 270 is divided by v?
10
Suppose 5*n - 229 = -89. What is the remainder when n is divided by 10 + 1692/(-171) - 680/(-38)?
10
Let q = -2 + 12. What is the remainder when (69 - (-6 + -1 + 14)) + 5 is divided by q?
7
Let b = 1250 - 1006. Calculate the remainder when 437 is divided by b.
193
Let d = -160 + 113. Let w = d + 73. What is the remainder when (-1)/((-48)/(-378) + (-1)/7) is divided by w?
11
Let h(d) = -4 + 4 + 1 + 1 - 21*d. Suppose 4*n - 24 = 2*n. Calculate the remainder when h(-2) is divided by n.
8
Let j = 898 + -842. What is the remainder when 122 is divided by j?
10
Suppose 7*g - 9325 = 2299 + 2054. Calculate the remainder when g is divided by 115.
114
Suppose -12*m = -36*m + 312. Let s be ((-3)/2)/(4/72). What is the remainder when m is divided by (-6)/s + (-86)/(-18)?
3
What is the remainder when 4130 is divided by (-1)/(3 + (-7170)/2385)?
155
What is the remainder when 795 - (-60)/(-5) - 23 is divided by 22?
12
Suppose 12 = 3*h, -3*h = -3*q - 156 + 315. What is the remainder when 7864 is divided by q?
55
Let i = 0 - -45. Let h = -11336 + 11364. What is the remainder when i is divided by h?
17
Let j(x) = 67*x**3 - 734*x**2 - 25*x + 37. Let i(l) = 5*l + 2. Calculate the remainder when j(11) is divided by i(8).
41
Suppose -13 = h - 17. Let m(i) = 2*i**2 - 2*i - 15. Let d be m(h). Calculate the remainder when 37 is divided by 51/(-34)*(-3)/(d/10).
2
What is the remainder when (0 + 2 + 0)*(88476/24 + -8) is divided by 13?
12
Suppose -l = -4*l + 66. Let a(c) = 5 - 1 - 2*c**2 + 44*c + 2 - 1. What is the remainder when 13 is divided by a(l)?
3
Let z = 22 + 7. Let t = -515 - -575. Calculate the remainder when t is divided by z*(-3 + 4) + 3.
28
Suppose -233 = 11*d - 14*d - y, -231 = -3*d - 3*y. What is the remainder when d is divided by 17?
10
Suppose 3*k + 25 = 8*k. Suppose k*i + 40 = 10*i. What is the remainder when 39 is divided by i?
7
Suppose -4*m - 4*k + 309 = -195, -2*k = 2. Let u = m + -112. What is the remainder when u is divided by 10?
5
Let z(w) = 3*w**2 + 37*w + 198. Calculate the remainder when 265 is divided by z(-8).
77
Let r = -26966 + 27944. What is the remainder when r is divided by 409?
160
Calculate the remainder when 599 is divided by 10 + (-3674)/(-33) + 1/(-9)*-6.
111
Let r(n) = -n**3 + 30*n**2 - 138*n + 5. What is the remainder when 2417 is divided by r(6)?
39
Suppose 11702 = 42*g - 1066. What is the remainder when g is divided by 266?
38
Let t(n) = 151*n + 928. Calculate the remainde